p*(7 - 2 - 7) composite?
True
Let v(l) = 3*l + 10. Let n be v(-8). Let q be -1*1*204330/n. Suppose -12*a - 711 + q = 0. Is a a prime number?
False
Let u be (-6)/(9/6*(-4)/18). Let j(p) = p**2 + 15*p - 7. Is j(u) composite?
False
Suppose 0 = 3*l + l - 4*s - 1092, 4*s = -2*l + 558. Let b = 527 + 11. Let n = b - l. Is n prime?
True
Let v(o) = 494*o**3 - 4*o**2 - 29*o + 125. Is v(14) composite?
False
Suppose -b = 3*o - 2*b + 3371, -3*o + 4*b - 3377 = 0. Let f = o - -1961. Is f a prime number?
False
Suppose 3*s - 49 = -4*y - 14, 5*s + 3*y = 51. Suppose -2*h + b + 7 = 0, -4*b = h + 3*h - 32. Is (3/s)/(h/2685) prime?
True
Let w = 64 - 67. Let u be (-11 - w)*(4 - 5). Suppose 5*f + 3*g - 12440 = u*g, -3*f + 2*g = -7463. Is f composite?
True
Let t = -2685 + 1327. Let l = t - -4257. Is l a prime number?
False
Let f(h) = 4053*h**2 - 1544*h - 9231. Is f(-6) a composite number?
True
Let l(n) = -73*n - 79. Let r(t) = -73*t - 79. Let g(v) = 5*l(v) - 4*r(v). Is g(-30) a composite number?
False
Let g(p) be the third derivative of 39*p**4/4 - 91*p**3/6 - 55*p**2. Is g(26) a composite number?
True
Suppose 18*r - 41*r = -7430403. Is r a prime number?
False
Suppose 0 = 18*w + 2405 + 1303. Suppose 3*h = 2*l - 725, l + 2*h - 513 = -147. Let n = l + w. Is n composite?
True
Let b = -1555 + 1532. Let t(l) = l**3 + 25*l**2 - 15*l - 34. Let d(u) = 3*u**3 + 75*u**2 - 44*u - 102. Let z(h) = 4*d(h) - 11*t(h). Is z(b) composite?
False
Suppose -4*r + q - 21 + 8 = 0, 2 = -2*r + 2*q. Let s(k) = 155*k**2 - 10*k - 29. Is s(r) a prime number?
False
Suppose -30 = -3*s + 642. Let q(p) = 7*p**2 - 30*p - 9. Let g be q(6). Let c = s - g. Is c a composite number?
True
Let z be (-563)/2 + ((-6)/(-4) - 0). Is (z + 8 + -2)*(-69)/6 a composite number?
True
Let b(s) = -31*s**2 - 1 + 8 - s**3 + 24*s**2. Let a be b(-7). Let t(i) = 14*i**2 - 9*i. Is t(a) composite?
True
Let q = 57 + -53. Suppose 0 = -q*f + 4*b - 104, -f - 8 = -4*b + 15. Is (-6)/f - 10357/(-9) a composite number?
False
Suppose -70*y - 81845 = -2*o - 67*y, 3*o + y - 122784 = 0. Is o prime?
True
Suppose 128*j - 2777421 - 3070529 = 4984562. Is j a prime number?
True
Suppose -58934 - 17168 = -2*x. Suppose 111*k = 98*k + x. Is k a composite number?
False
Suppose 5*l + 9*y - 5*y - 310 = 0, 3*l = -2*y + 188. Suppose 1734 = 4*d - 2*b, 493 = 2*d - 4*b - 377. Let x = l + d. Is x a composite number?
False
Let x be 9*(4 - 23)*(-1 + 2). Let k = x + 385. Let s = k + 12. Is s composite?
True
Suppose 2*a + 248623 = 5*y, -a = -3*y + 58951 + 90224. Is y composite?
False
Let j = -46794 + 109435. Is j composite?
True
Let k(l) = 8231*l - 1165. Is k(6) a composite number?
False
Let a = 219117 - -198176. Is a composite?
False
Is (0 - (-5 - -4))/7 - 2388936/(-21) a prime number?
True
Suppose 0 = 5*d + 2*r - 388086, 8 = 5*r + 18. Suppose 30*y - 79912 = d. Is y a composite number?
True
Suppose -2*n + 18 = v + v, 3*v - 3 = n. Is 2451 - 19 - (n - (-1 + 1)) a prime number?
False
Let a = -221 + 186. Is ((-769)/(-5))/(a/(-1925)) a composite number?
True
Is (-2 - 3 - -4)/(13/(-2011399)) a composite number?
False
Is (234299 - -4)*(1*2/3)/2 a composite number?
False
Let k = 114416 + -58653. Is k composite?
False
Suppose f - 238030 = -4*g, 21*f = g + 16*f - 59539. Is g a composite number?
False
Suppose -12508*g = -12537*g + 146131. Is g composite?
False
Let s = 713493 + -475831. Is s composite?
True
Let p(a) = 2*a**2. Let v be p(-1). Suppose -v*l = 2*l - 2*b - 70, 3*l = 3*b + 60. Suppose l*k = 14*k + 409. Is k prime?
True
Let q(w) = 5*w**2 - 8*w - 2. Let x be q(2). Suppose s - 1827 = -5*y + 2*s, -x*y + 2*s = -726. Suppose -h + 221 = -y. Is h a prime number?
True
Let u(d) = d**2 - 2*d - 19. Let z be u(6). Suppose 36726 = 7*m - z*m. Suppose 13*o - m = 14839. Is o a prime number?
False
Let v = 197066 - 137953. Is v composite?
False
Let u(k) = -49640*k**3 + k**2 - 34*k - 34. Is u(-1) composite?
True
Suppose -80888 + 1499266 = 6*j - 231076. Is j prime?
True
Suppose 37*y - 40*y - 4*d = -13271, 2*y - 8844 = -d. Is y prime?
True
Let d(b) = -4*b**3 - 23*b**2 + 108*b - 22. Let w be d(-21). Let j = 50002 - w. Is j a composite number?
False
Suppose -2*n + 50 = 3*n. Let k(z) = -z**2 + 12*z + 24. Let c be k(n). Suppose c*p = 40*p + 4036. Is p prime?
True
Let u(n) = -2*n + 15. Let f be u(5). Suppose s - 3678 = -f*g, 0 = -0*s + s + g - 3682. Is s a prime number?
False
Let k(g) = -2*g**3 - 13*g**2 + 4*g - 16. Let r be k(-7). Suppose r*w - w - 4724 = 0. Is w a composite number?
False
Suppose o + 336354 = 5*m, 5*o = 17*m - 20*m + 201818. Is m composite?
False
Suppose -87*r + 8854971 = 3789029 - 5852297. Is r composite?
False
Let z = 143836 + -53385. Is z a composite number?
True
Suppose 4*a - 22744 = 1372860. Is a prime?
False
Let l(b) = 287*b**2 + 126*b - 55. Is l(10) a composite number?
True
Let x = -36 + 91. Suppose -58*k = -x*k - 12. Suppose l = 4*n + 409, -k*l + 1970 = l + 5*n. Is l a prime number?
True
Is ((-6)/18)/(1/6) + 13209 a prime number?
False
Suppose 0 = -6*w - 7 + 43. Let g(v) = -6*v**2 + 13*v - 22. Let s(r) = 19*r**2 - 39*r + 65. Let i(d) = w*s(d) + 17*g(d). Is i(9) a composite number?
True
Let o(l) = -20*l + 2 - 14 - 25*l - 4. Let p = 1703 - 1712. Is o(p) a composite number?
False
Let a = 49120 - -291049. Is a prime?
True
Suppose 8000 = -3*c + d + 339081, -3*c + 3*d + 331089 = 0. Is c prime?
True
Is 17*18808/(-24)*(-6 - -3) a prime number?
False
Suppose 0 = -3*v + o + o + 383, 5*o = -v + 105. Let l = 212 + v. Is l prime?
True
Suppose 7*y - 2703 = -22*y + 12*y. Is y composite?
True
Is (621685/8)/((-27)/(-216)) prime?
False
Let f = 171 - 164. Is -9 + 11 - -80*f a prime number?
False
Suppose 7*d - 16*d + 36 = 0. Suppose -3*a + 5528 = -550. Suppose -2*p = d, 239 = -3*f + 4*p + a. Is f prime?
True
Suppose 15746 = 2*l - 147708. Is l a prime number?
True
Suppose 21*m - 3982 - 1121 = 0. Suppose m*p - 231*p = 107076. Is p composite?
False
Suppose -2*f = -4*n - 792482, 9*f = 13*f + 2*n - 1584954. Is f a composite number?
False
Suppose 3*c - 4*o - 156169 = 0, -4*o - 115657 - 92563 = -4*c. Is c a composite number?
False
Let k be (-4044)/(-36) - (6/(-9))/(-2). Suppose -b + 521 = k. Is b a composite number?
False
Suppose 318 = 8*p + 198. Is 11705/p - 8/(-12) a composite number?
True
Is ((-2651268)/(-28) - 2) + (-186)/(-217) prime?
True
Let h(m) be the second derivative of 5*m**3/2 + 19*m**2/2 + 16*m. Let u(n) = 30*n + 39. Let k(q) = -13*h(q) + 6*u(q). Is k(-12) prime?
True
Suppose -7*m + 9454 = -11350. Suppose -4*h + m = 3*x - 381, -3335 = -3*x + 5*h. Is x prime?
False
Let w = 72 - 69. Suppose 6 = 3*a - w*y - 21, 37 = 5*a - y. Suppose 4964 = a*s - 4535. Is s a composite number?
True
Suppose 6*p - 2*p + 23498 = f, 0 = 3*f + 4*p - 70542. Suppose -i - 5*s = -7528, 8459 - f = -2*i - 5*s. Is i a prime number?
True
Suppose 114*q - 987730 = 104*q. Is q a composite number?
False
Suppose 356 = 5*h + 21. Let u = h - 67. Is -2962*1*(u + (-2)/4) prime?
True
Let u(m) = m**3 + 3*m**2 - 11*m + 4. Let d be u(3). Suppose 2*c + d + 20 = w, 0 = c. Suppose -q = -442 - w. Is q composite?
False
Let m = -155045 + 328974. Is m a composite number?
True
Let q = -496 + 187. Suppose 0 = 4*l - 3*y + 4753, -9*l + 14*l + 5942 = 4*y. Let g = q - l. Is g a prime number?
True
Let j(b) = -b**2 - 10*b - 15. Let d be j(-9). Let w be (50/d)/(2/6). Is ((-898)/4)/(w/50) composite?
False
Suppose -13657 = -3*n - b, 27*b - 26*b = -2. Is n a prime number?
False
Suppose 10 = -5*m - t - 4*t, 0 = -2*m + 5*t + 3. Let b be 2 - m - (6 + -412). Suppose 0 = -8*w - b + 1089. Is w composite?
True
Let j(a) = -a**3 + a**2 + 3*a - 4. Let b be j(3). Let r be 7/(-3) + b/(273/14). Is (-8)/6*r + (1000 - -5) composite?
False
Let q(r) = -822*r**3 - 16*r**2 - 4*r + 71. Is q(-9) a composite number?
False
Let b = 63422 + -16803. Is b composite?
False
Suppose 89*u + 91*u + 180152 = 188*u. Is u a prime number?
False
Let z be (-3 - -8) + 6 + -5. Suppose g - z*m - 2774 = -m, 0 = -5*g + 5*m + 13890. Is g composite?
True
Let d(a) = -a**3 - 22*a**2 + 49*a + 22. Let x be d(-24). Let y = -13 + 90. Let l = y - x. Is l composite?
False
Let s be 795/30*4/(-2). Let c = s - -53. Suppose -4*p + 5*f + 9342 = c, -4*p - f + 354 + 8976 = 0. Is p a composite number?
False
Let m = 24976 - 14757. Is m a prime number?
False
Let c(n) = 11*n**2 + 12*n - 25. Let f 